
Let g(f) = f**2 - 9*f - 8. What is the remainder when 111 is divided by g(12)?
27
Let z(f) = 4 + 3*f + 2*f - 4*f. Suppose 0 = -3*i - 4*i + 49. What is the remainder when 31 is divided by z(i)?
9
Suppose 2*x = -3*r + 35 + 70, -3*x = 3*r - 105. What is the remainder when r is divided by 19?
16
Let r(z) = -4*z - 30. What is the remainder when r(-12) is divided by 10?
8
Suppose 5*j - 239 = 3*u, -j = -2*j - u + 43. Suppose 4*n - j - 2 = 0. Let c = -8 + n. What is the remainder when 10 is divided by c?
2
Let d(b) = b**3 - 6*b**2 + 7*b - 7. Let w = -118 + 130. What is the remainder when d(6) is divided by w?
11
Let j(z) = 6*z + 20. What is the remainder when j(-2) is divided by -2 + (-1)/((-2)/10)?
2
Suppose -2*h - 4 = -4*h. Let m(r) = r - 6. What is the remainder when h is divided by m(8)?
0
Let i = -12 - -15. Suppose 9 = b - 4*x, i*x + 24 = 3*b - 12. What is the remainder when 36 is divided by b?
10
Let a be (-3)/6*2*-149. Suppose 215 = 5*r - j - 4*j, 0 = -3*r - j + a. Suppose -4*d + 32 = -r. What is the remainder when d is divided by 11?
9
Let p(t) = 3*t - 4. Suppose -20*i = -8*i - 156. What is the remainder when i is divided by p(4)?
5
Let t(k) = 9*k - 1. What is the remainder when 67 is divided by t(2)?
16
What is the remainder when 104 is divided by ((-3)/(-2))/((-33)/(-1166))?
51
Suppose 4*z - 168 = 4*r, -z + 0*z + 60 = 5*r. Calculate the remainder when 88 is divided by z.
43
Suppose 0 = -2*v - d + 18, -3*v + 37 = 3*d + 7. Calculate the remainder when v is divided by (9 + -8)*(-1 - -6).
3
What is the remainder when (-146)/(-6) - 8/24 is divided by 13?
11
Let a(u) = -8*u - 2. Suppose -5*w - 4*t = -2*t - 8, -9 = -4*w + t. Suppose 5*f - w = 4*f. Calculate the remainder when a(-1) is divided by f.
0
Suppose 3*y - 38 = 5*t, 5*y + 4*t = -0*y + 125. Let g = y + -17. What is the remainder when 13 is divided by g?
1
Suppose x = -4*a + 80, x + 46 = 3*a - a. Calculate the remainder when 38 is divided by a.
17
Let f = -56 - -94. Calculate the remainder when 75 is divided by f.
37
Let m be (-2 - (-2 + 1))*-18. Calculate the remainder when 17 is divided by 4/m + 264/27.
7
Suppose 0 = -5*f - 5*x - 25, -2*f = f - 2*x + 15. Suppose -2*r = r - 105. What is the remainder when r is divided by (-91)/f + 1/(-5)?
17
Let j = 8 + -8. Suppose -55 = -j*h - h. What is the remainder when h is divided by 19?
17
Let k(f) = f + 6. Let i(p) = -p**3 + 5*p**2 - 4*p - 5. Let o be i(4). Let m be k(o). What is the remainder when 21 is divided by (8 - (-1)/m) + 2?
10
Suppose 3*a + 10 - 37 = 3*m, -5*a - m = -75. Let w = -1 + a. Calculate the remainder when 24 is divided by w.
11
Let v = -43 - -79. Calculate the remainder when v is divided by 20.
16
Suppose -11*z - 14 = -355. What is the remainder when z is divided by 16?
15
Let v be (-125)/(-2) - (-2)/(-4). Let m = v + -27. Calculate the remainder when m is divided by 1 + -11*(-3 - -2).
11
Calculate the remainder when 35 is divided by (-4)/(-42) - 752/(-42).
17
Suppose 0*s + 5*s = -5, -t + s = -11. Let b = 14 - t. Calculate the remainder when b is divided by 2.
0
Suppose -73 + 16 = -3*g. What is the remainder when 54 is divided by g?
16
Suppose -4*f + 232 + 72 = 0. Suppose 5*w = w + f. What is the remainder when 36 is divided by w?
17
Let c be 3*(3/1 + -2). Suppose 0*i = -c*i. Let n = 6 + i. Calculate the remainder when 17 is divided by n.
5
Suppose 0 = -8*p + 3*p. Suppose p = -3*n + 9 + 3. Suppose -t - 4*b + 37 = 2*t, 2*t + 4*b - 30 = 0. Calculate the remainder when t is divided by n.
3
Suppose -y - 6 = -3*y. Suppose -y*h + h + 2*a = -10, 7 = 3*h - a. What is the remainder when 3 is divided by h?
0
Let z = -43 - -66. Suppose 5*q = 0, 0*j + 4*q - 13 = -j. Calculate the remainder when z is divided by j.
10
Suppose -g + 4*g = 15. Calculate the remainder when 8 is divided by g.
3
Suppose 3*f + 1360 = 8*f. Let i be 2/(-11) + f/44. Suppose 4*d + 4*j = 60, j = 4*d + i*j - 64. What is the remainder when 31 is divided by d?
9
Let x(o) = o**2 - 3*o - 2. Calculate the remainder when x(8) is divided by 8.
6
Let l(f) = 11*f - 29. Let u(s) = 5*s - 14. Let i(m) = 6*l(m) - 13*u(m). Let w be i(-7). Let t = w - -13. Calculate the remainder when t is divided by 5.
4
Suppose 0 = i + i - 10. Suppose 135 - 35 = i*s. Calculate the remainder when 38 is divided by s.
18
Suppose 0*q - 84 = -3*q. Suppose -5*b + 50 = 2*i, 2*b - 19 - 19 = -2*i. What is the remainder when q is divided by i?
13
Let b = 20 - 18. Suppose -b*o - 10 = -0*k + 3*k, 8 = -4*o - 3*k. Calculate the remainder when 2 is divided by o.
0
Suppose 6 = 7*f - 4*f. Suppose 12 = f*c - 36. What is the remainder when c is divided by 9?
6
Suppose -k + 4*k - 87 = 0. Suppose -32 = -0*q - 4*q + n, n + 8 = q. What is the remainder when k is divided by q?
5
Let r = -20 + 38. What is the remainder when r is divided by (1/(-2))/((-3)/60)?
8
Let x = 48 + -11. Suppose x = 2*d + 5*g, -d - 2*d - g + 23 = 0. Let q = -4 - -15. What is the remainder when q is divided by d?
5
Suppose 4*q - 127 = -23. Let i be 15/2*2/3. Suppose -z + 39 = -i*k, -65 = 3*z - 8*z - k. What is the remainder when q is divided by z?
12
Let g(k) = k**2 + 3*k + 2. What is the remainder when (-44)/(-6)*12*8/32 is divided by g(-4)?
4
Let d = -3 + 0. Let q(o) = -o**3 - 2*o**2 - 4. Let s = -15 + 24. What is the remainder when s is divided by q(d)?
4
Let l(z) = -z + 2. Calculate the remainder when 29 is divided by l(-6).
5
Suppose 3*a - 174 = 75. Suppose -5*l = -4*j + 3*j + 31, 25 = j - 2*l. What is the remainder when a is divided by j?
20
Let n(d) be the first derivative of d**3/3 + d**2 + 2*d + 1. Suppose 0 = 5*s - 10. Calculate the remainder when s is divided by n(-2).
0
Suppose 5*t = -4*h + 42, -2*h + 26 = -t + 6*t. What is the remainder when 31 is divided by h?
7
Suppose 2*u = 3*u - 42. Let o = 71 - 41. Let n = u - o. What is the remainder when 34 is divided by n?
10
Suppose 4*l = 84 - 4. Let f = 4 + -1. Suppose f*c - 5*c = -76. What is the remainder when c is divided by l?
18
Let h = -44 + 82. Let x(s) = 2*s**2 + 3*s + 4. Suppose -2*d + 18 = -4*z, 3*z - 4*d + 28 - 7 = 0. What is the remainder when h is divided by x(z)?
12
Suppose -47 = -5*h + 3*v, 0*v + 12 = 4*h + 4*v. Let p = -3 + h. Suppose -2*t - 4 = 0, -u + t + 72 = p*u. What is the remainder when 26 is divided by u?
12
Suppose -5*v = -4*s + 216, -4*s - 5*v - 69 = -5*s. Suppose 4*a - 97 = 3. What is the remainder when s is divided by a?
24
Suppose 31*y - 30*y = 18. Calculate the remainder when 51 is divided by y.
15
Let g = 9 - 15. Calculate the remainder when 56 is divided by (-36)/(-2) - (g + 5).
18
Let u(j) = -17*j**3 + 2*j**2 - 2*j - 2. What is the remainder when 130 is divided by u(-1)?
16
Let o be 4/(-6) + 26/(-6). Let v(n) = -n**2 + n - 1. Let x(i) = -i**2 + 7*i + 2. Let r(d) = -2*v(d) + x(d). What is the remainder when r(o) is divided by 3?
1
Let k(l) = -3*l**2 + 4*l - 1. Let t be k(4). Let u = t - -59. What is the remainder when u is divided by 9?
8
Let x = -9 + 34. What is the remainder when x is divided by 10?
5
Let w be -1*1/(2 + -3). Suppose -4*a - 8 + 20 = 0. Calculate the remainder when a is divided by (2/(-6))/(w/(-6)).
1
Let i = 8 - 6. Let s(n) = -n**2 - 7*n - 2. What is the remainder when s(-6) is divided by i?
0
Suppose 2 = -x, 0 = -3*z - x + 2*x + 194. What is the remainder when z is divided by 11?
9
Suppose -2 + 9 = d. Suppose d = -5*l + 42. Calculate the remainder when 19 is divided by l.
5
Suppose 0 = v + 2*v - 93. Calculate the remainder when v is divided by 16.
15
Let k be (16 - 2) + -2 - 0. Calculate the remainder when 37 is divided by (-138)/(-10) - k/15.
11
Let g(o) = 2*o**2 - 8*o + 6. Suppose 0 = 2*p - 4, t - 2*p - 5 = 3*p. What is the remainder when t is divided by g(4)?
3
Let l(i) = -i - 2. Let d be l(-2). Suppose -5*s - 30 = -5*a - 0*s, 5*a - s - 42 = d. Calculate the remainder when a is divided by 4.
1
Let u(d) = -d + 9. Let q be u(10). Calculate the remainder when (-532)/(-12) - q/(-3) is divided by 23.
21
Let h(y) = y + 3. Calculate the remainder when 6 is divided by h(0).
0
Calculate the remainder when 145 is divided by (-4 - -2) + 78/(3 - 1).
34
Let i(n) = n**3 + 2*n**2 - 4 - 5*n**2 + 5 + n. Let q(u) = 2*u**3 + 22*u**2 + u + 14. Calculate the remainder when i(3) is divided by q(-11).
1
Let i = 10 + -6. Let p(c) = -c**3 - 5*c**2 - 4*c + 5. Let s 